*g. Suppose 0 = 3*k + 2*z + g, 0 = k - 0*k + 2*z + 21. Let i = -4 - k. List the prime factors of i.
17
Suppose -5*z = -2*b - 19, -4*b - 8 + 0 = -4*z. Suppose 0 = -4*y - 12, -z*y - 3 = 4*h - 0. List the prime factors of 2 + 3 + h*-1.
2
Let b be (-15)/(-2)*(-32)/40. What are the prime factors of (-1258)/(-22) - b/(-33)?
3, 19
Suppose -v + 3*v + 5*c - 2856 = 0, -4*c - 4261 = -3*v. List the prime factors of v.
1423
Let b(a) = 3*a**3 + 2*a**2 - 2*a. Let o be b(5). Suppose -3*i + o = 124. Suppose 5*x - i = -3*h, -2*h + 3*x + 50 = -x. List the prime factors of h.
29
What are the prime factors of (-9)/(-4)*(45 + 2 + 1)?
2, 3
Let v = -2780 + 1835. List the prime factors of (4/5)/((-14)/v).
2, 3
Suppose 4*t = -9 + 29. Suppose -12 + 4 = -4*j. Let i = t + j. List the prime factors of i.
7
Suppose -4*v + 5 - 1 = -4*m, 0 = -4*m + 3*v. Suppose 2*q = m*u + 31 + 7, -3*q + 5*u + 58 = 0. What are the prime factors of q?
2
Let t(b) = b**2 - 5*b - 2. Let p be -1*(-9)/(-3)*1. Let d be t(p). Suppose -d = -a + 4*u, -38 = -5*a - 2*u - 2*u. What are the prime factors of a?
2, 5
Let k(i) = i**2 - 9*i + 22. Let n be k(-11). Suppose 0*g + 3*g - 5*u = n, 25 = 5*u. What are the prime factors of g?
89
Let s(q) = -q**3 + 15*q**2 + 8. Suppose -35 = -4*d - 5*t, 0*d + 4*t + 50 = 2*d. List the prime factors of s(d).
2
Let o(v) = 8*v**2 + 17*v + 125. List the prime factors of o(14).
1931
What are the prime factors of 92660/28 + 100/140?
2, 5, 331
Suppose 5*d - 7000 = -5*j, 4*d = -2*j + 5*d + 2785. What are the prime factors of j?
3, 5, 31
What are the prime factors of (-295)/(-1) - (-5)/(-15)*0?
5, 59
Let j(s) = -s**3 + 12*s**2 - 18*s + 9. What are the prime factors of j(10)?
29
Let m = 2000 - -59. List the prime factors of m.
29, 71
Let a(l) = l**3 - 2*l**2 - l. Let v be a(3). Let y = 6 + -12. What are the prime factors of v/(-9) + (-40)/y?
2, 3
Let m(u) = -19 - 24*u + 21 + u**2 + 12*u. What are the prime factors of m(15)?
47
Let h(j) = 3*j**2 + 10*j + 4. Suppose -10*y + 3 = 93. List the prime factors of h(y).
157
Suppose -2*q - 15 = 2*o + q, -q + 17 = -3*o. Let d(g) = g**3 + 9*g**2 + 12*g + 7. List the prime factors of d(o).
43
Let v(y) = 6*y + 3. Let d be v(8). Suppose 2*o + 5*b = 1 + 33, -b - d = -3*o. List the prime factors of o.
17
Let i be -15*1/3*3. Let c be i/10*8/(-6). What are the prime factors of -5*((-102)/15 + c)?
2, 3
Suppose o + 3*h - 50 = 5*h, 4*h = -5*o + 320. Suppose 28*g = 23*g + o. List the prime factors of (g + -14)*11/(-2).
11
What are the prime factors of 1 + 3 + (-12 - -534)?
2, 263
Suppose 44*l - 117895 = -41*l. What are the prime factors of l?
19, 73
Let q(j) = 24*j + 45 - 25 - 6. What are the prime factors of q(5)?
2, 67
What are the prime factors of (-2 + (-3 - 0))/(1/(-147))?
3, 5, 7
Let v(i) = 2*i**2 - 22*i - 16. Let u be v(11). What are the prime factors of 6/4*(-1)/3*u?
2
Suppose 0 = -w - 7*d + 2*d + 3, 69 = 4*w + d. List the prime factors of (-4)/3 + 2 - (-2148)/w.
2, 3, 5
Let m(s) = 587*s - 82. What are the prime factors of m(5)?
3, 317
Suppose 0 = -6*f + 15 + 3. Suppose 0 = -f*c + 22 + 5. List the prime factors of c.
3
Suppose 0 = -m - 13 + 33. Let i = -69 + m. Let y = -3 - i. What are the prime factors of y?
2, 23
Suppose -2*j + 7 = 1. Suppose -j - 3 = -2*h. Suppose -4*x + 71 = -5*o, h*o = -3*x - 0*x + 33. What are the prime factors of x?
2, 7
Suppose -3*k + 13 = -2*k. Let c(l) = -l + 16. Let o be c(k). List the prime factors of (30 + 1)/(o + -2).
31
Suppose -1749 - 2361 = -30*p. What are the prime factors of p?
137
Suppose -5*f = 5*y - 3105, -7*f - y + 1247 = -5*f. List the prime factors of f.
2, 313
List the prime factors of 4*3/(-12) + 994.
3, 331
Let c be (0 - (-1 + -1)) + 1. Let k be 29/(0 - -1) + c. What are the prime factors of (0 + -32)/((-16)/k)?
2
Let o(t) = 2 - 6 + 2 - 112*t + 273*t. List the prime factors of o(1).
3, 53
Let k = -1088 + 1664. List the prime factors of k.
2, 3
Suppose 0 = g + g - 816. List the prime factors of g.
2, 3, 17
Let k = 220 - 127. Suppose 6*i = k + 51. What are the prime factors of i?
2, 3
Suppose -26751 = -5*i + 2*f, 3*i - 16047 = 12*f - 9*f. List the prime factors of i.
5351
Let z be (-10)/24*3*-4. Suppose 0 = -5*m - 3*j - 378, 358 = -4*m - z*j + 66. Let v = -27 - m. List the prime factors of v.
3, 17
Let i(q) = -32*q + 137. What are the prime factors of i(-38)?
3, 11, 41
List the prime factors of (-2)/(-18 - -32) + (-33798)/(-14).
2, 17, 71
List the prime factors of (-84)/(-20) + 12/15 + 0.
5
Suppose -z = 2*m + 3*z - 192, 2*m - 191 = -3*z. Let l = 134 - m. What are the prime factors of l?
2, 5
What are the prime factors of 5 - 20315/(-25) - (-18)/45?
2, 409
What are the prime factors of 5 + 358 + 11 + -3?
7, 53
Suppose -6*r + 1218 = 198. Suppose 0 = -4*d - d - r. Let y = 16 - d. List the prime factors of y.
2, 5
Let g(c) = c**3 + 2*c**2 - 1. Let p be g(-1). Suppose p = -2*w + 75 + 85. What are the prime factors of 3/9 - w/(-3)?
3
Let v = -62 + 1084. What are the prime factors of v?
2, 7, 73
Let o = 4026 + -1158. List the prime factors of o.
2, 3, 239
Let t be (-6)/(-6)*(-1 - -1). Let w be (3 + t)/(3/(-9)). List the prime factors of 1 - w/6*2.
2
Let l be (-1)/((-1)/(-2) + -1). Let x = 10 - 15. Let a = l - x. List the prime factors of a.
7
Suppose 0 = -3*h - h. Let f be (-3 - (h + -1)) + 6. Let a(t) = t**2 - t + 2. List the prime factors of a(f).
2, 7
Suppose 0 = -2*p - 3*u - 13, -2*u + 3 = p + 9. Suppose 2*t = 5*b - 1, 2*b = 2*t - 0*b + 4. Let f = t - p. List the prime factors of f.
5
Suppose -4 = -4*s + 6*s. What are the prime factors of s/(-14) - (-648)/21?
31
Suppose 2*u + o - 213 = 0, -2*o - 102 = -u - o. Let d(l) = l - 5. Let z be d(11). Suppose z*j = j + u. What are the prime factors of j?
3, 7
Let w = 43 - -5. Suppose 3*h + 5*b = w, -3*h = -6*h + 3*b + 72. Suppose 3*j - h - 105 = 0. What are the prime factors of j?
2, 3, 7
Let y(p) = 4*p**3 - 7*p + 2. Let w(a) = -12*a**3 + 20*a - 6. Let b(u) = 3*w(u) + 8*y(u). List the prime factors of b(-3).
2, 47
Suppose -26 = -7*g - 12. Let z(l) = 31*l + 2. List the prime factors of z(g).
2
Let p = 21 - -31. Suppose -6*n + p = -4*n. List the prime factors of n.
2, 13
Let r(c) = -2 + c + c + 2*c - c**2 - 2. Let o(k) = -k**2 + k - 1. Let v(j) = -5*o(j) + r(j). List the prime factors of v(1).
2
Suppose -135 = 6*y + 147. Let w = y + 66. Let d = 22 - w. List the prime factors of d.
3
Suppose 2192 - 7263 = 11*a. Let g = -222 - a. List the prime factors of g.
239
Let k(x) = x**2 + 12*x - 29. What are the prime factors of k(6)?
79
Let p(v) = -v**3 + 20*v**2 + 28*v - 7. Suppose 67 = 5*u - 38. List the prime factors of p(u).
2, 5, 7
Suppose 447 = b + 4*i, 3*b - 2323 = -2*b + 2*i. List the prime factors of b.
463
Suppose -304 = 5*f + 5*i - 1949, 0 = 4*f - 2*i - 1340. What are the prime factors of f?
3, 37
Let m(c) = 2*c**3 - c**2 + 4*c - 1. Suppose 3*q = -2*x + x - 6, 5*q + 15 = 0. List the prime factors of m(x).
2, 7
Suppose -r = -57 + 18. Let y = 1 + r. Let z = y - 19. What are the prime factors of z?
3, 7
List the prime factors of 156/208*-157*(-3 + -1).
3, 157
Let d(y) = 0*y + 3*y - 5*y - 4*y + 6. What are the prime factors of d(-2)?
2, 3
List the prime factors of 10/(-4)*210036/(-230).
3, 761
Let s be (-7 - -7)*(1 + -2). Suppose -4*b + 32 + 260 = s. What are the prime factors of b?
73
Suppose -k + 3045 = -3*y, -3*k + 5*y - 2553 + 11680 = 0. List the prime factors of k.
3, 1013
Suppose 0 = 11*d + 26 + 73. What are the prime factors of (d/6)/(2*(-2)/56)?
3, 7
Let o = -431 + 545. List the prime factors of o.
2, 3, 19
Let x(z) = 55*z**2 + 656*z + 16. What are the prime factors of x(-15)?
2551
Let b(x) = x + 5. Let m be b(-5). Suppose -6*t + 427 + 617 = m. List the prime factors of t.
2, 3, 29
Suppose -4*h = -3*q - 32, -6*h + 4*h = -2*q - 14. Suppose -2*z = 2*k - 0*k - 20, -2*k + z = -5. Suppose -u + h = k. List the prime factors of u.
2, 3
Suppose 0 = 3*k - 12, -2*v + 11156 = 3*v - k. List the prime factors of v.
2, 3, 31
Suppose -2*f + 5*n = -236, 0 = f - 6*f + 5*n + 590. Let p = -53 + f. What are the prime factors of p?
5, 13
Suppose 0 = -3*v + 4*v + 1. What are the prime factors of ((-207)/18)/(v + (-27)/(-30))?
5, 23
Suppose 0 = -k + 2*k - 23. Suppose -27*v = -k*v - 1152. List the prime factors of v.
2, 3
Suppose -711 = -2*n + 489. List the prime factors of n.
2, 